r when 1001 is divided by i.
9
Let l(a) = 5*a**2 + 106*a - 75. What is the remainder when 1480 is divided by l(-22)?
11
Let b = -5510 - -6653. Calculate the remainder when 3436 is divided by b.
7
Suppose 5*n + 4*w + 30 = 0, -5*n + 5*w - 30 = w. Let g(u) = -u**3 - 7*u**2 - 8*u + 4. Let j = 5111 - 5002. Calculate the remainder when j is divided by g(n).
13
Let p(d) = 380*d - 2612. What is the remainder when 573 is divided by p(7)?
45
Suppose 3*l = -3*m + 2025, 4*l + 12 = -0. Let y = -364 + m. Suppose -x + 183 = -4*w, 0 = -5*x + 3*x - 5*w + y. Calculate the remainder when x is divided by 34.
31
Suppose i + 15 = 5*x, -2*i - 5*x - 10 = -10*x. Suppose -11*g + i*g = 126. Let r = g - -27. Calculate the remainder when 16 is divided by r.
4
Let z = -107 - -190. What is the remainder when z is divided by 32 - ((-646)/(-187))/(-19)*-22*1?
27
Let p(f) be the third derivative of 13*f**4/12 + 17*f**3/6 + 6*f**2. Calculate the remainder when p(3) is divided by 30.
5
Let i(g) = -2*g**3 + 2*g + 1. Calculate the remainder when 6/(-45)*178860/(-88) is divided by i(-2).
11
Suppose 5*g = 7*g + 176. Calculate the remainder when 22 is divided by 32/5 + 4 + g/20.
4
Suppose 7*r + 128 = 3*r. Let h = -31 - r. What is the remainder when h*-3*(-33)/27*3 is divided by 7?
4
Let j = -231 + 230. Let h(a) = 860*a**2 + 15*a + 13. What is the remainder when h(j) is divided by 20?
18
Let d(y) = -17*y - 28. Let g be 3/18 + (0 - (-78)/(-36)). Calculate the remainder when 40 is divided by d(g).
4
Calculate the remainder when 5 - ((4 - (135 - -1)) + 0/2) is divided by 0 + 44 + (5 - 5).
5
Let l(c) = c**3 - 21*c**2 + 8*c + 5. Calculate the remainder when l(22) is divided by 235.
195
Calculate the remainder when (7*11843/455)/(1/5) is divided by 27.
20
Let y(d) = d**2 + 41*d - 162. Calculate the remainder when 336 is divided by y(4).
12
Suppose -a - a + 12 = 0. Let n(y) = -y**3 + 7*y**2 - 7*y - 8. Let h be n(6). What is the remainder when (2 + 3)/(h/(-6) + -2) is divided by a?
3
Let i be -1 - (-9)/2*168/36. Suppose -10 = -i*k + 15*k. Suppose -3*m = 2*c - 342, 4*c - 342 = k*c - 5*m. Calculate the remainder when c is divided by 29.
26
Suppose 2*x - 148 = -18. Suppose -283 - 230 = -9*s. Suppose c = 3*d + 32, 0 = 5*c + 2*d - 18 - s. What is the remainder when x is divided by c?
14
Let j = -7072 + 7668. What is the remainder when j is divided by 133?
64
Let y be 2/3*((-171)/18 + 14). Suppose -658 = -4*p + 2*x - 0*x, x = y*p - 492. Calculate the remainder when p is divided by 15.
13
Let l = 3576 - 3131. What is the remainder when l is divided by 15?
10
Let j = -18 + 22. Suppose 3*s - 11629 = -o, -j*s + 3*o - 4*o = -15507. What is the remainder when 99 is divided by 4/(-22) + s/154?
24
Suppose -3*n + m = -180, -5*n + 4*m = -899 + 599. What is the remainder when 254 is divided by n?
14
Let w(y) = 4*y**2 - 67*y - 566. What is the remainder when 3080 is divided by w(30)?
8
Let p = 2920 + -2837. What is the remainder when 568 is divided by p?
70
Suppose 76*f = 96*f - 27640. Calculate the remainder when f is divided by 22.
18
Suppose -3*v + v + 2 = 0. What is the remainder when 50/(4/v - 3) is divided by (-14)/(406/(-29))*5/((-15)/(-33))?
6
Let v be 129*(-1)/(-9) - 4/(-6). Suppose v = -60*x + 65*x. Let r(m) = 5*m**3 + 4*m**2 + m + 3. What is the remainder when r(x) is divided by 45?
42
Let s(h) = h**3 - 7*h**2 + 14*h - 12. Let b = -124 + 131. Suppose 0 = -2*f - 5*i + 50, 3*f + 5*i - 140 = -2*f. What is the remainder when s(b) is divided by f?
26
Let h(l) be the second derivative of l**3/6 + 5*l**2 - 59*l. What is the remainder when 44 is divided by h(2)?
8
Suppose -b + z + 150 = 6*z, z = -5*b + 630. What is the remainder when b is divided by 75?
50
Suppose 7215 = -19*y + 10331. Calculate the remainder when 662 is divided by y.
6
Let y(w) = -76*w - 2160. What is the remainder when 341 is divided by y(-29)?
33
Let o = 66 - -89. Let d be (-2)/12 + -31*(-13)/78. Suppose d*k + q - 19 - o = 0, -q = -4*k + 141. What is the remainder when k is divided by 12?
11
Let u = 15 - 3. Suppose -3*p = -u*p + 432. Suppose 0 = -19*a + 17*a + p. Calculate the remainder when 165 is divided by a.
21
Suppose 0*p + 2*p = 58. Suppose 2220 = -9398*w + 9418*w. Calculate the remainder when w is divided by p.
24
Suppose 4*i + 20 = 0, 3*v - 7*v + 4*i = -60. Calculate the remainder when 110 is divided by (-508)/(-635) - ((-582)/v + 0).
51
Let a = 5277 + -5240. Calculate the remainder when 345 is divided by a.
12
Let x(r) = r**3 - 3*r**2 - 108*r + 88. What is the remainder when 16279 is divided by x(12)?
87
Let h(w) = -2*w**2 + 33*w + 59. Let p be h(15). Suppose -p*n = -112*n + 416. Calculate the remainder when 778 is divided by n.
50
Suppose -f = -4*w + 14, 2*f - 3*w + 5 = 2. Suppose -51 = -3*r + f*i - i, -r = -5*i - 27. What is the remainder when 19 is divided by r?
7
Let t = -67 + 190. Suppose -4*d = -g - t, -5 = 4*g + 7. Calculate the remainder when 447 is divided by d.
27
Let v(o) = -o**3 - 28*o**2 - 31*o - 45. Let c be v(-27). Suppose 319 = 4*m + y, -171 - c = -3*m + y. Calculate the remainder when m is divided by 44.
35
Let q(g) = 502*g + 4354. What is the remainder when q(-6) is divided by 64?
62
Suppose -6*o = -92 - 316. Let n(j) = j**3 - 6*j**2 + 2*j - 1. Let z be n(7). Let l = o - z. What is the remainder when 17 is divided by l?
5
Suppose -t - 2 = -0*t. What is the remainder when (3/(-2))/(5/(-110)) is divided by (t - 33/(-15)) + (-264)/(-55)?
3
Let u(n) = n**2 - 133*n + 3176. Let g(b) = 54*b**2 - 2*b - 7. Calculate the remainder when g(3) is divided by u(31).
11
Let g = 76 - 73. Let j(y) = 1 - 9*y**3 + y**g + 4*y - 63*y**2 + 66*y**2. What is the remainder when 12 is divided by j(-1)?
4
Let g = 38 + -29. Suppose g*q - 633 = -138. Suppose -5*w + q + 20 = 0. Calculate the remainder when 72 is divided by w.
12
Let x(s) = -893*s + 575. Calculate the remainder when x(0) is divided by 18.
17
Let a(j) = 9*j**2 + 34*j + 41*j - 79*j - 2. What is the remainder when 328 is divided by a(-1)?
9
Let u = 595 - 589. Suppose -26 - 2 = -2*z. Let c = z + -10. Calculate the remainder when u is divided by c.
2
Let i(t) = 12*t**2 + t + 1. What is the remainder when -1*(-113 + 4) + 192 + -194 is divided by i(-1)?
11
Suppose -4*m + 78 = 5*r, -r + 4*m + 6 = -0*m. Let a(h) = -51*h - 114. Let u be a(-3). Suppose u*q + 26 = 182. Calculate the remainder when r is divided by q.
2
Let y be (-41 + 539)*(-2)/(-3). Suppose 4*c - 5*o - 1340 = 0, 2*o + y = -0*c + c. Calculate the remainder when c is divided by 87.
79
Let x(s) = 7*s - 67. Let m be x(11). Suppose -35 - 115 = -m*b. Let f = -16 - -20. Calculate the remainder when b is divided by f.
3
Suppose -6*v - 1200 = -11*v. Let k = -236 + v. Calculate the remainder when k is divided by 2/2*6/6.
0
Suppose 0 = -5*c + 2*c + 144. Suppose -j - 7 = -3*z + 24, 5*z - c = -2*j. Let t = -70 - -128. Calculate the remainder when t is divided by z.
8
Let k = -89 - -156. Let o = -619 + 651. What is the remainder when k is divided by o?
3
Suppose -4*o = -5*r + 170, -r = -5*o + o - 50. Let t be 2 - (-4 - r/(-5)). Suppose t = -9*x + 6*x + 48. Calculate the remainder when 158 is divided by x.
14
Suppose 0 = g + 2*g - 459. Let m = -39 - -85. Suppose -4*v + m + 78 = 0. What is the remainder when g is divided by v?
29
Let h = 5978 + -5922. Calculate the remainder when 4087 is divided by h.
55
Suppose -1043*p + 1017*p + 1066 = 0. Calculate the remainder when 5042 is divided by p.
40
Suppose v = 199 - 190. Let d(p) = p**2 - 4*p - 3. Calculate the remainder when 58 is divided by d(v).
16
Suppose 0 = -4*p - 4, -2*w + 72*p + 2556 = 70*p. What is the remainder when w is divided by 19?
4
What is the remainder when 446 is divided by (-5 - -13)/(2/12*1/3)?
14
Let l = 3 - -7. Let m(s) = 2*s**3 - 3*s**2 + 6*s + 37. Calculate the remainder when m(0) is divided by l.
7
Calculate the remainder when (-97449)/(-19) + (-936)/(-8892) is divided by 10.
9
Suppose 5*u - 19 = -9. Suppose 0*c + u*c + 178 = -4*p, c = 2*p - 97. Let k = c + 103. Calculate the remainder when 47 is divided by k.
7
Let z(u) = 655*u + 1356. Calculate the remainder when z(5) is divided by 19.
14
Let h be (2/(-4))/(7/(-504)). Let f = 9 + h. Let w = 51 - f. What is the remainder when w is divided by 2?
0
Let y(j) = j**2 - 6*j - 1. Suppose d - 24 - 91 = 0. What is the r